{"id":59241,"date":"2025-02-27T14:27:14","date_gmt":"2025-02-27T14:27:14","guid":{"rendered":"https:\/\/www.akeneo.com\/?post_type=ak-pr&#038;p=59241"},"modified":"2025-02-27T14:28:55","modified_gmt":"2025-02-27T14:28:55","slug":"index-de-legalite-professionnelle-femmes-hommes-2025","status":"publish","type":"ak-pr","link":"https:\/\/www.akeneo.com\/fr\/press-release\/index-de-legalite-professionnelle-femmes-hommes-2025\/","title":{"rendered":"Index de l\u2019\u00e9galit\u00e9 professionnelle femmes-hommes 2025"},"content":{"rendered":"\n  \n<section id=\"hero-block_1c6548a4d957c319556adee85952c202\" class=\"hero hero-blue py-0\">\n            <div class=\"container\">\n            <div class=\"row\">\n                <div class=\"col-12\">\n                    <div class=\"hero-inner\">\n                        <div class=\"row\">\n                            <div class=\"col-md-10 col-lg-8 mx-md-auto\">\n                                <div class=\"hero-content text-center\">\n                                    <p class=\"hero-meta\">\n                                        <span>F\u00e9v 27, 2025<\/span>\n                                    <\/p>\n                                                                            <div class=\"hero-logo\" style=\"margin: 0 auto 20px;\">\n                                            <img decoding=\"async\" src=\"https:\/\/www.akeneo.com\/wp-content\/themes\/akeneo\/assets\/images\/content\/akeneo-icon-logo.svg\" alt=\"akeneo-logo\">\n                                        <\/div>\n                                                                        <h1 class=\"hero-title\">Index de l\u2019\u00e9galit\u00e9 professionnelle femmes-hommes 2025<\/h1>\n                                    <div class=\"hero-text\">\n                                        <p>\n                                                                                            Akeneo annonce des r\u00e9sultats exceptionnels en mati\u00e8re d&rsquo;\u00e9galit\u00e9 professionnelle pour 2024                                                                                    <\/p>\n                                    <\/div>\n                                <\/div>\n                            <\/div>\n                        <\/div>\n                    <\/div>\n                <\/div>\n            <\/div>\n        <\/div>\n    <\/section>\n  \n\n\n\n<section id=\"content-block_533ad7a35cd6017a4f4cc96f92383971\" class=\" \">\n            <div class=\"container\">\n            <div class=\"row\">\n                <div class=\"col-12\">\n                                            <div class=\"text-start \">\n                                                                                        <div class=\"text-editor fs-md\">\n                                    <p><b>Nantes, le 27 f\u00e9vrier 2025 <\/b><span style=\"font-weight: 400;\">&#8211; Akeneo, leader mondial de la gestion de l\u2019information produit (PIM) et de l&rsquo;exp\u00e9rience produit (PX), communique son index de l\u2019\u00e9galit\u00e9 femmes-hommes 2025 (se rapportant \u00e0 l\u2019ann\u00e9e 2024<\/span><span style=\"font-weight: 400;\">)<\/span><span style=\"font-weight: 400;\">. Chez Akeneo, nous somme fiers d\u2019annoncer que nous avons atteint un score de 79\/100, t\u00e9moignant de notre engagement continu en faveur de la diversit\u00e9 et de l&rsquo;inclusion.<\/span><\/p>\n<p><span style=\"font-weight: 400;\">Cette r\u00e9alisation d\u00e9montre notre engagement sinc\u00e8re \u00e0 favoriser un environnement de travail inclusif o\u00f9 chacun a la possibilit\u00e9 de grandir et de s&rsquo;\u00e9panouir, quelles que soient ses origines ou son genre.<\/span><\/p>\n<p><span style=\"font-weight: 400;\">Nous reconnaissons que la diversit\u00e9 englobe de nombreux aspects et nous nous engageons \u00e0 poursuivre nos efforts pour cr\u00e9er un environnement de travail v\u00e9ritablement inclusif pour tous nos collaborateurs. Nous avons mis en place plusieurs initiatives, notamment le d\u00e9veloppement de groupes de ressources pour les collaborateurs (employee resource groups), la mise en place de formations et de sessions d&rsquo;information sur les sujets li\u00e9s \u00e0 la diversit\u00e9, ainsi que des politiques de recrutement et de promotion \u00e9quitables.<\/span><\/p>\n\n                                                                    <\/div>\n                                                    <\/div>\n                                        <\/div>\n            <\/div>\n        <\/div>\n    <\/section>\n\n\n\n<section id=\"content-block_fb03f09c3b5be90b0ed978efab17f7a1\" class=\"py-6 py-md-8 \">\n            <div class=\"container\">\n            <div class=\"row\">\n                <div class=\"col-12\">\n                                            <div class=\"text-start \">\n                                                                                                <h2>A propos d\u2019Akeneo<\/h2>\n                                                                                                                        <div class=\"text-editor fs-md\">\n                                    <p><span style=\"font-weight: 400;\">Akeneo est un leader mondial de la gestion de l\u2019Information produit (PIM) et permet aux marques de cr\u00e9er un environnement o\u00f9 chaque interaction avec un produit est une exp\u00e9rience qui guide les consommateurs et les professionnels vers le meilleur achat \u00e0 tout moment et en tout lieu. Akeneo donne aux dirigeants les moyens d\u2019agir gr\u00e2ce \u00e0 ses solutions, des formations et une communaut\u00e9 engag\u00e9e autour de la gestion de l\u2019exp\u00e9rience produit (PXM).<\/span><\/p>\n<p>&nbsp;<\/p>\n<p><span style=\"font-weight: 400;\">Des marques, fabricants, distributeurs et retailers \u00e0 travers le monde tels qu\u2019Armani, Nature &amp; D\u00e9couvertes, SMCP, Back Market, INTERSPORT, Air Liquide et bien d\u2019autres font confiance \u00e0 Akeneo pour faire \u00e9voluer et personnaliser leurs initiatives de d\u00e9veloppement omnicanal. Gr\u00e2ce \u00e0 Akeneo Product Cloud, dot\u00e9 de capacit\u00e9s natives d&rsquo;intelligence artificielle, les entreprises peuvent concevoir des exp\u00e9riences produit engageantes avec un processus simple et optimis\u00e9 de l\u2019enrichissement, de la gestion et de la syndication des donn\u00e9es produit mais \u00e9galement pour l\u2019int\u00e9gration des donn\u00e9es fournisseurs. Son App Store et son large r\u00e9seau de partenaires permettent aux entreprises de r\u00e9pondre \u00e0 tous leurs besoins et de satisfaire leurs acheteurs. Pour plus d\u2019informations, visitez le site d\u2019Akeneo.<\/span><\/p>\n<p><b>Contacts presse | Rumeur Publique<\/b><\/p>\n<p><a href=\"mailto:akeneo@rumeurpublique.fr\"><span style=\"font-weight: 400;\">akeneo@rumeurpublique.fr<\/span><\/a><span style=\"font-weight: 400;\">\u00a0<\/span><\/p>\n\n                                                                    <\/div>\n                                                    <\/div>\n                                        <\/div>\n            <\/div>\n        <\/div>\n    <\/section>\n","protected":false},"excerpt":{"rendered":"<p>Akeneo annonce des r\u00e9sultats exceptionnels en mati\u00e8re d&rsquo;\u00e9galit\u00e9 professionnelle pour 2024<\/p>\n","protected":false},"featured_media":0,"menu_order":0,"template":"","class_list":["post-59241","ak-pr","type-ak-pr","status-publish","hentry"],"acf":[],"yoast_head":"<!-- This site is optimized with the Yoast SEO Premium plugin v27.4 (Yoast SEO v27.4) - https:\/\/yoast.com\/product\/yoast-seo-premium-wordpress\/ -->\n<title>Index de l\u2019\u00e9galit\u00e9 professionnelle femmes-hommes 2025 | Akeneo<\/title>\n<meta name=\"robots\" content=\"index, follow, max-snippet:-1, max-image-preview:large, max-video-preview:-1\" \/>\n<link rel=\"canonical\" href=\"https:\/\/www.akeneo.com\/fr\/press-release\/index-de-legalite-professionnelle-femmes-hommes-2025\/\" \/>\n<meta property=\"og:locale\" content=\"fr_FR\" \/>\n<meta property=\"og:type\" content=\"article\" \/>\n<meta property=\"og:title\" content=\"Index de l\u2019\u00e9galit\u00e9 professionnelle femmes-hommes 2025\" \/>\n<meta property=\"og:description\" content=\"Akeneo annonce des r\u00e9sultats exceptionnels en mati\u00e8re d&#039;\u00e9galit\u00e9 professionnelle pour 2024\" \/>\n<meta property=\"og:url\" content=\"https:\/\/www.akeneo.com\/fr\/press-release\/index-de-legalite-professionnelle-femmes-hommes-2025\/\" \/>\n<meta property=\"og:site_name\" content=\"Akeneo\" \/>\n<meta property=\"article:modified_time\" content=\"2025-02-27T14:28:55+00:00\" \/>\n<meta property=\"og:image\" content=\"https:\/\/www.akeneo.com\/wp-content\/uploads\/2024\/11\/generic_featuredimage_1200x1200.png\" \/>\n\t<meta property=\"og:image:width\" content=\"1200\" \/>\n\t<meta property=\"og:image:height\" content=\"1200\" \/>\n\t<meta property=\"og:image:type\" content=\"image\/png\" \/>\n<meta name=\"twitter:card\" content=\"summary_large_image\" \/>\n<script type=\"application\/ld+json\" class=\"yoast-schema-graph\">{\"@context\":\"https:\\\/\\\/schema.org\",\"@graph\":[{\"@type\":\"WebPage\",\"@id\":\"https:\\\/\\\/www.akeneo.com\\\/fr\\\/press-release\\\/index-de-legalite-professionnelle-femmes-hommes-2025\\\/\",\"url\":\"https:\\\/\\\/www.akeneo.com\\\/fr\\\/press-release\\\/index-de-legalite-professionnelle-femmes-hommes-2025\\\/\",\"name\":\"Index de l\u2019\u00e9galit\u00e9 professionnelle femmes-hommes 2025 | Akeneo\",\"isPartOf\":{\"@id\":\"https:\\\/\\\/www.akeneo.com\\\/fr\\\/#website\"},\"datePublished\":\"2025-02-27T14:27:14+00:00\",\"dateModified\":\"2025-02-27T14:28:55+00:00\",\"inLanguage\":\"fr-FR\",\"potentialAction\":[{\"@type\":\"ReadAction\",\"target\":[\"https:\\\/\\\/www.akeneo.com\\\/fr\\\/press-release\\\/index-de-legalite-professionnelle-femmes-hommes-2025\\\/\"]}]},{\"@type\":\"WebSite\",\"@id\":\"https:\\\/\\\/www.akeneo.com\\\/fr\\\/#website\",\"url\":\"https:\\\/\\\/www.akeneo.com\\\/fr\\\/\",\"name\":\"Akeneo\",\"description\":\"\",\"publisher\":{\"@id\":\"https:\\\/\\\/www.akeneo.com\\\/fr\\\/#organization\"},\"potentialAction\":[{\"@type\":\"SearchAction\",\"target\":{\"@type\":\"EntryPoint\",\"urlTemplate\":\"https:\\\/\\\/www.akeneo.com\\\/fr\\\/?s={search_term_string}\"},\"query-input\":{\"@type\":\"PropertyValueSpecification\",\"valueRequired\":true,\"valueName\":\"search_term_string\"}}],\"inLanguage\":\"fr-FR\"},{\"@type\":\"Organization\",\"@id\":\"https:\\\/\\\/www.akeneo.com\\\/fr\\\/#organization\",\"name\":\"Akeneo\",\"url\":\"https:\\\/\\\/www.akeneo.com\\\/fr\\\/\",\"logo\":{\"@type\":\"ImageObject\",\"inLanguage\":\"fr-FR\",\"@id\":\"https:\\\/\\\/www.akeneo.com\\\/fr\\\/#\\\/schema\\\/logo\\\/image\\\/\",\"url\":\"https:\\\/\\\/www.akeneo.com\\\/wp-content\\\/uploads\\\/2024\\\/11\\\/akeneo_logo_signature_1-2.png\",\"contentUrl\":\"https:\\\/\\\/www.akeneo.com\\\/wp-content\\\/uploads\\\/2024\\\/11\\\/akeneo_logo_signature_1-2.png\",\"width\":591,\"height\":106,\"caption\":\"Akeneo\"},\"image\":{\"@id\":\"https:\\\/\\\/www.akeneo.com\\\/fr\\\/#\\\/schema\\\/logo\\\/image\\\/\"}}]}<\/script>\n<!-- \/ Yoast SEO Premium plugin. -->","yoast_head_json":{"title":"Index de l\u2019\u00e9galit\u00e9 professionnelle femmes-hommes 2025 | Akeneo","robots":{"index":"index","follow":"follow","max-snippet":"max-snippet:-1","max-image-preview":"max-image-preview:large","max-video-preview":"max-video-preview:-1"},"canonical":"https:\/\/www.akeneo.com\/fr\/press-release\/index-de-legalite-professionnelle-femmes-hommes-2025\/","og_locale":"fr_FR","og_type":"article","og_title":"Index de l\u2019\u00e9galit\u00e9 professionnelle femmes-hommes 2025","og_description":"Akeneo annonce des r\u00e9sultats exceptionnels en mati\u00e8re d'\u00e9galit\u00e9 professionnelle pour 2024","og_url":"https:\/\/www.akeneo.com\/fr\/press-release\/index-de-legalite-professionnelle-femmes-hommes-2025\/","og_site_name":"Akeneo","article_modified_time":"2025-02-27T14:28:55+00:00","og_image":[{"width":1200,"height":1200,"url":"https:\/\/www.akeneo.com\/wp-content\/uploads\/2024\/11\/generic_featuredimage_1200x1200.png","type":"image\/png"}],"twitter_card":"summary_large_image","schema":{"@context":"https:\/\/schema.org","@graph":[{"@type":"WebPage","@id":"https:\/\/www.akeneo.com\/fr\/press-release\/index-de-legalite-professionnelle-femmes-hommes-2025\/","url":"https:\/\/www.akeneo.com\/fr\/press-release\/index-de-legalite-professionnelle-femmes-hommes-2025\/","name":"Index de l\u2019\u00e9galit\u00e9 professionnelle femmes-hommes 2025 | Akeneo","isPartOf":{"@id":"https:\/\/www.akeneo.com\/fr\/#website"},"datePublished":"2025-02-27T14:27:14+00:00","dateModified":"2025-02-27T14:28:55+00:00","inLanguage":"fr-FR","potentialAction":[{"@type":"ReadAction","target":["https:\/\/www.akeneo.com\/fr\/press-release\/index-de-legalite-professionnelle-femmes-hommes-2025\/"]}]},{"@type":"WebSite","@id":"https:\/\/www.akeneo.com\/fr\/#website","url":"https:\/\/www.akeneo.com\/fr\/","name":"Akeneo","description":"","publisher":{"@id":"https:\/\/www.akeneo.com\/fr\/#organization"},"potentialAction":[{"@type":"SearchAction","target":{"@type":"EntryPoint","urlTemplate":"https:\/\/www.akeneo.com\/fr\/?s={search_term_string}"},"query-input":{"@type":"PropertyValueSpecification","valueRequired":true,"valueName":"search_term_string"}}],"inLanguage":"fr-FR"},{"@type":"Organization","@id":"https:\/\/www.akeneo.com\/fr\/#organization","name":"Akeneo","url":"https:\/\/www.akeneo.com\/fr\/","logo":{"@type":"ImageObject","inLanguage":"fr-FR","@id":"https:\/\/www.akeneo.com\/fr\/#\/schema\/logo\/image\/","url":"https:\/\/www.akeneo.com\/wp-content\/uploads\/2024\/11\/akeneo_logo_signature_1-2.png","contentUrl":"https:\/\/www.akeneo.com\/wp-content\/uploads\/2024\/11\/akeneo_logo_signature_1-2.png","width":591,"height":106,"caption":"Akeneo"},"image":{"@id":"https:\/\/www.akeneo.com\/fr\/#\/schema\/logo\/image\/"}}]}},"_links":{"self":[{"href":"https:\/\/www.akeneo.com\/fr\/wp-json\/wp\/v2\/ak-pr\/59241","targetHints":{"allow":["GET"]}}],"collection":[{"href":"https:\/\/www.akeneo.com\/fr\/wp-json\/wp\/v2\/ak-pr"}],"about":[{"href":"https:\/\/www.akeneo.com\/fr\/wp-json\/wp\/v2\/types\/ak-pr"}],"wp:attachment":[{"href":"https:\/\/www.akeneo.com\/fr\/wp-json\/wp\/v2\/media?parent=59241"}],"curies":[{"name":"wp","href":"https:\/\/api.w.org\/{rel}","templated":true}]}}

Index de l’égalité professionnelle femmes-hommes 2025

<section id="hero-block_1c6548a4d957c319556adee85952c202" class="hero hero-blue py-0">
            <div class="container">
            <div class="row">
                <div class="col-12">
                    <div class="hero-inner">
                        <div class="row">
                            <div class="col-md-10 col-lg-8 mx-md-auto">
                                <div class="hero-content text-center">
                                    <p class="hero-meta">
                                        <span>Fév 27, 2025</span>
                                    </p>
                                                                            <div class="hero-logo" style="margin: 0 auto 20px;">
                                            <img decoding="async" src="https://www.akeneo.com/wp-content/themes/akeneo/assets/images/content/akeneo-icon-logo.svg" alt="akeneo-logo">
                                        </div>
                                                                        <h1 class="hero-title">Index de l’égalité professionnelle femmes-hommes 2025</h1>
                                    <div class="hero-text">
                                        <p>
                                                                                            Akeneo annonce des résultats exceptionnels en matière d&rsquo;égalité professionnelle pour 2024                                                                                    </p>
                                    </div>
                                </div>
                            </div>
                        </div>
                    </div>
                </div>
            </div>
        </div>
    </section>
  



<section id="content-block_533ad7a35cd6017a4f4cc96f92383971" class=" ">
            <div class="container">
            <div class="row">
                <div class="col-12">
                                            <div class="text-start ">
                                                                                        <div class="text-editor fs-md">
                                    <p><b>Nantes, le 27 février 2025 </b><span style="font-weight: 400;">&#8211; Akeneo, leader mondial de la gestion de l’information produit (PIM) et de l&rsquo;expérience produit (PX), communique son index de l’égalité femmes-hommes 2025 (se rapportant à l’année 2024</span><span style="font-weight: 400;">)</span><span style="font-weight: 400;">. Chez Akeneo, nous somme fiers d’annoncer que nous avons atteint un score de 79/100, témoignant de notre engagement continu en faveur de la diversité et de l&rsquo;inclusion.</span></p>
<p><span style="font-weight: 400;">Cette réalisation démontre notre engagement sincère à favoriser un environnement de travail inclusif où chacun a la possibilité de grandir et de s&rsquo;épanouir, quelles que soient ses origines ou son genre.</span></p>
<p><span style="font-weight: 400;">Nous reconnaissons que la diversité englobe de nombreux aspects et nous nous engageons à poursuivre nos efforts pour créer un environnement de travail véritablement inclusif pour tous nos collaborateurs. Nous avons mis en place plusieurs initiatives, notamment le développement de groupes de ressources pour les collaborateurs (employee resource groups), la mise en place de formations et de sessions d&rsquo;information sur les sujets liés à la diversité, ainsi que des politiques de recrutement et de promotion équitables.</span></p>

                                                                    </div>
                                                    </div>
                                        </div>
            </div>
        </div>
    </section>



<section id="content-block_fb03f09c3b5be90b0ed978efab17f7a1" class="py-6 py-md-8 ">
            <div class="container">
            <div class="row">
                <div class="col-12">
                                            <div class="text-start ">
                                                                                                <h2>A propos d’Akeneo</h2>
                                                                                                                        <div class="text-editor fs-md">
                                    <p><span style="font-weight: 400;">Akeneo est un leader mondial de la gestion de l’Information produit (PIM) et permet aux marques de créer un environnement où chaque interaction avec un produit est une expérience qui guide les consommateurs et les professionnels vers le meilleur achat à tout moment et en tout lieu. Akeneo donne aux dirigeants les moyens d’agir grâce à ses solutions, des formations et une communauté engagée autour de la gestion de l’expérience produit (PXM).</span></p>
<p>&nbsp;</p>
<p><span style="font-weight: 400;">Des marques, fabricants, distributeurs et retailers à travers le monde tels qu’Armani, Nature &amp; Découvertes, SMCP, Back Market, INTERSPORT, Air Liquide et bien d’autres font confiance à Akeneo pour faire évoluer et personnaliser leurs initiatives de développement omnicanal. Grâce à Akeneo Product Cloud, doté de capacités natives d&rsquo;intelligence artificielle, les entreprises peuvent concevoir des expériences produit engageantes avec un processus simple et optimisé de l’enrichissement, de la gestion et de la syndication des données produit mais également pour l’intégration des données fournisseurs. Son App Store et son large réseau de partenaires permettent aux entreprises de répondre à tous leurs besoins et de satisfaire leurs acheteurs. Pour plus d’informations, visitez le site d’Akeneo.</span></p>
<p><b>Contacts presse | Rumeur Publique</b></p>
<p><a href="mailto:akeneo@rumeurpublique.fr"><span style="font-weight: 400;">akeneo@rumeurpublique.fr</span></a><span style="font-weight: 400;"> </span></p>

                                                                    </div>
                                                    </div>
                                        </div>
            </div>
        </div>
    </section>

<p>Akeneo annonce des résultats exceptionnels en matière d&rsquo;égalité professionnelle pour 2024</p>

<!-- This site is optimized with the Yoast SEO Premium plugin v27.4 (Yoast SEO v27.4) - https://yoast.com/product/yoast-seo-premium-wordpress/ -->
<title>Index de l’égalité professionnelle femmes-hommes 2025 | Akeneo</title>
<meta name="robots" content="index, follow, max-snippet:-1, max-image-preview:large, max-video-preview:-1" />
<link rel="canonical" href="https://www.akeneo.com/fr/press-release/index-de-legalite-professionnelle-femmes-hommes-2025/" />
<meta property="og:locale" content="fr_FR" />
<meta property="og:type" content="article" />
<meta property="og:title" content="Index de l’égalité professionnelle femmes-hommes 2025" />
<meta property="og:description" content="Akeneo annonce des résultats exceptionnels en matière d&#039;égalité professionnelle pour 2024" />
<meta property="og:url" content="https://www.akeneo.com/fr/press-release/index-de-legalite-professionnelle-femmes-hommes-2025/" />
<meta property="og:site_name" content="Akeneo" />
<meta property="article:modified_time" content="2025-02-27T14:28:55+00:00" />
<meta property="og:image" content="https://www.akeneo.com/wp-content/uploads/2024/11/generic_featuredimage_1200x1200.png" />
	<meta property="og:image:width" content="1200" />
	<meta property="og:image:height" content="1200" />
	<meta property="og:image:type" content="image/png" />
<meta name="twitter:card" content="summary_large_image" />
<script type="application/ld+json" class="yoast-schema-graph">{"@context":"https:\/\/schema.org","@graph":[{"@type":"WebPage","@id":"https:\/\/www.akeneo.com\/fr\/press-release\/index-de-legalite-professionnelle-femmes-hommes-2025\/","url":"https:\/\/www.akeneo.com\/fr\/press-release\/index-de-legalite-professionnelle-femmes-hommes-2025\/","name":"Index de l’égalité professionnelle femmes-hommes 2025 | Akeneo","isPartOf":{"@id":"https:\/\/www.akeneo.com\/fr\/#website"},"datePublished":"2025-02-27T14:27:14+00:00","dateModified":"2025-02-27T14:28:55+00:00","inLanguage":"fr-FR","potentialAction":[{"@type":"ReadAction","target":["https:\/\/www.akeneo.com\/fr\/press-release\/index-de-legalite-professionnelle-femmes-hommes-2025\/"]}]},{"@type":"WebSite","@id":"https:\/\/www.akeneo.com\/fr\/#website","url":"https:\/\/www.akeneo.com\/fr\/","name":"Akeneo","description":"","publisher":{"@id":"https:\/\/www.akeneo.com\/fr\/#organization"},"potentialAction":[{"@type":"SearchAction","target":{"@type":"EntryPoint","urlTemplate":"https:\/\/www.akeneo.com\/fr\/?s={search_term_string}"},"query-input":{"@type":"PropertyValueSpecification","valueRequired":true,"valueName":"search_term_string"}}],"inLanguage":"fr-FR"},{"@type":"Organization","@id":"https:\/\/www.akeneo.com\/fr\/#organization","name":"Akeneo","url":"https:\/\/www.akeneo.com\/fr\/","logo":{"@type":"ImageObject","inLanguage":"fr-FR","@id":"https:\/\/www.akeneo.com\/fr\/#\/schema\/logo\/image\/","url":"https:\/\/www.akeneo.com\/wp-content\/uploads\/2024\/11\/akeneo_logo_signature_1-2.png","contentUrl":"https:\/\/www.akeneo.com\/wp-content\/uploads\/2024\/11\/akeneo_logo_signature_1-2.png","width":591,"height":106,"caption":"Akeneo"},"image":{"@id":"https:\/\/www.akeneo.com\/fr\/#\/schema\/logo\/image\/"}}]}</script>
<!-- / Yoast SEO Premium plugin. -->

Index de l’égalité professionnelle femmes-hommes 2025 | Akeneo

Akeneo annonce des résultats exceptionnels en matière d'égalité professionnelle pour 2024
